?
3
Let j = -134 - -191. Let w = 107 - j. What is the tens digit of w?
5
Suppose 17*r - 3344 = r. What is the hundreds digit of r?
2
Suppose 3*g - 4 = 2. Suppose -32 = -g*v + 14. Suppose -2 = -k + 3*l + v, -3*k = -2*l - 96. What is the tens digit of k?
3
Let d(k) = 43*k**2 - 3*k + 12. What is the thousands digit of d(-5)?
1
Suppose -3*t + 10 = x + 2, 5*x + 4*t - 18 = 0. Suppose x*f + 14 = -24. What is the tens digit of 3/(-6)*6 - f?
1
Suppose 21 - 91 = 2*d. Let c = 67 + d. What is the tens digit of c?
3
Let j(k) = -k**3 + 6*k**2 - 7*k + 7. Let c be j(5). Let i = 13 + c. Suppose 4*s - 20 = -4*q, -2*q - 2*q - i = -s. What is the units digit of s?
6
Suppose -2*m + 7021 = 3*s, -20*m + 17*m + 10533 = 3*s. What is the thousands digit of m?
3
Let i(g) = -g**3 - g**2 + g + 16. Let j be i(0). Suppose 7*n + 26 = 4*n + 5*s, -2*n = -4*s + j. Let r(a) = a**2 + 10*a + 4. What is the units digit of r(n)?
8
Suppose -4*n + 14 + 44 = 5*u, 3*n - 34 = u. Let b be 0*((-16)/n + 1). Suppose -2*s + s + 31 = b. What is the tens digit of s?
3
Suppose -2*k - 3*k = -l + 72, -l + 2*k + 75 = 0. Suppose 6 = w - l. What is the tens digit of w?
8
Let u = 262 - 20. Let r = 434 - u. What is the tens digit of r?
9
Let k(q) = -5*q + 49. What is the tens digit of k(0)?
4
Suppose 49*f = 37*f + 7812. What is the hundreds digit of f?
6
What is the hundreds digit of 1724/(-6)*(-144)/96?
4
Suppose -p = 2*g - 1, -5*p + p + 4*g = -40. Suppose -p*m + 392 = 42. What is the units digit of m?
0
Let a = -10469 + 14887. What is the thousands digit of a?
4
What is the tens digit of (-16)/40 - 74583/(-45)?
5
Let u(c) = 5*c**2 + c - 1. Let i(s) be the third derivative of -s**4/24 - s**3/3 + 4*s**2. Let w be i(-3). What is the units digit of u(w)?
5
Let o = 172 - -9. Let k = o - 90. What is the units digit of k?
1
Suppose -4*b - 75 = -4*m - 9*b, 4*b = 12. Suppose 2*s + 2 + m = 5*n, -3*s + 3*n = 12. Let r = s - -22. What is the units digit of r?
1
Let s = 31 - 29. Suppose -4*t = -s*q + 118, -4*t + 102 = 3*q - 85. What is the tens digit of q?
6
Let l = -1122 - -1617. What is the units digit of l?
5
Suppose -10 = 5*q, -5*q = -7*m + 3*m + 26. Suppose -107 = 7*d - 331. Suppose -4*u + d = p, 0 = 4*u + m*p - p - 24. What is the units digit of u?
9
Let y = 4 + 1. Let t = 85 + -40. Suppose 45 = a + y*p, 0*a - 3*a + 3*p = -t. What is the units digit of a?
0
Let j(k) = k**3 + 9*k**2 - 16*k - 25. Let o(p) = -p + 1. Let r(w) = j(w) + o(w). What is the units digit of r(-10)?
6
Let q be (3 - (9 - 4))*-1. Suppose q*j = 170 + 18. What is the units digit of j?
4
Let a(d) = -d**3 - 16*d**2 - 32*d + 26. What is the units digit of a(-16)?
8
Let m = 665 + 244. What is the units digit of m?
9
What is the tens digit of ((-2)/(-4))/((-9)/54) - -568?
6
Suppose 4*g = 3*h - 0*g - 1724, -5*h - 3*g + 2912 = 0. What is the hundreds digit of h?
5
Suppose -3*a = 5*u - 8*a - 50, 1 = u - 4*a. Suppose -11*g - 118 = -u*g. What is the tens digit of g?
5
Let c = -7008 - -9973. What is the thousands digit of c?
2
Let o(p) = 4*p - 3. Let h = -15 + 23. Suppose 7 = 5*z - h. What is the units digit of o(z)?
9
Let g(y) = 6*y**2 + 61*y - 3. What is the thousands digit of g(9)?
1
Let l(y) = 3*y**2 - 5*y + 13. Let z be l(4). What is the tens digit of (-3)/((-3)/z) - -1?
4
Let c(n) = -3*n - 7. Suppose 39 = 3*m + 3*v, -v - 10 = -2*m + 7. Suppose 30 = -5*l - m. What is the tens digit of c(l)?
1
Let d(c) = -5*c**2 + 2*c - 19. Let b be d(12). What is the units digit of b/(-20) - 1/(-4)?
6
Suppose 15*q - 453 + 63 = 0. Let w = 2 + 7. What is the units digit of (q/2)/(w/18)?
6
Suppose 0 = n - 6*n. Suppose -3*p + p + 24 = n. What is the tens digit of (p/(-16))/(2/(-48))?
1
Let v(m) = -m - 11. Let q(l) = -11*l - 1. Let j be q(-1). Let a be v(j). What is the units digit of 1*-1*(-7 + a)?
8
Suppose p + 2*p + g - 3499 = 0, -3494 = -3*p - 2*g. What is the thousands digit of p?
1
Suppose 4*q + 8 - 44 = -4*l, 15 = 5*q. Suppose -2*z + 4*d = -l*z + 824, 5*d = -10. What is the tens digit of z?
0
Let p(l) = 752*l + 61. What is the hundreds digit of p(3)?
3
What is the tens digit of 1/(-3) + (-463029)/(-153)?
2
Let o(c) = -c**2 + 6*c + 12. Let t be (42/(-56))/((-1)/8). Let r be o(t). Suppose 0 = 3*l - 7*l + r. What is the units digit of l?
3
Let r(n) = 6*n - 12. Let f be r(5). Let p = f - 14. Suppose 5*j - 29 = -p*q, 14 = q + q + 2*j. What is the units digit of q?
6
Suppose -11*a + 467 + 8509 = 0. What is the tens digit of a?
1
Suppose -14 = 5*m + 16. Let b = m - -39. What is the units digit of b?
3
Let n(f) = f**3 + 9*f**2 - 6*f - 4. Suppose 2*g - 3*w = -30, -2*g - 2*g - 28 = 2*w. What is the tens digit of n(g)?
5
Let z(a) be the third derivative of a**5/30 - a**4/4 + 2*a**3/3 - 39*a**2. Let g = -6 - -11. What is the tens digit of z(g)?
2
Let u be (3 + -2 - 0) + 14. Suppose 5*n + 2*v - v - u = 0, 3*n - v - 1 = 0. Suppose -n*i + 133 - 21 = 0. What is the units digit of i?
6
Suppose 603 = 3*l + 42. Let t = l + -29. What is the units digit of t?
8
What is the tens digit of (-2)/(-58)*-2 - (-3610000)/1160?
1
Let d be 7/3 - 28/(-42). Let o(g) = 4*g - g**2 + 4 - 5*g**d - 2 + 4*g**3 + 2. What is the tens digit of o(-3)?
1
Let m(l) = -66*l**3 - 3*l**2 - 2*l - 1. Let h be m(-1). Let g = -21 + h. What is the units digit of g?
3
Let k(a) be the third derivative of -a**5/60 - a**4/24 - a**3/6 + 10*a**2. Let x be k(7). Let b = -31 - x. What is the tens digit of b?
2
Suppose 0*f + f - 18 = 0. What is the tens digit of -4*-1*(-1 + f)?
6
Suppose 0 = -3*t + 3*l + 462 + 417, -2*l + 8 = 0. What is the hundreds digit of t?
2
Let s = 140 + -571. Let i = 628 + s. What is the hundreds digit of i?
1
Suppose -5*y = 25*d - 20*d - 11445, -3*d + 6891 = -5*y. What is the thousands digit of d?
2
Let a(p) = p**3 - 6*p**2 + p - 3. Let o be a(6). Let n = o + 1. Suppose 75 = n*j - 5*y, 5*j + y = 3*y + 115. What is the units digit of j?
5
Suppose -3*x = -d + 3, x + 15 = -4*x + 5*d. Suppose x = -0*i - i + 24. Let v = -8 + i. What is the units digit of v?
6
Suppose k - 22 + 190 = 0. Let j = k + 254. What is the tens digit of j?
8
Let p = -1 - 3. Let o(k) = 5*k**2 - 2*k**2 - k - 2*k**2 + 1. What is the units digit of o(p)?
1
Let b(t) be the second derivative of -t**4/12 - 2*t**3 + t**2/2 + 18*t. What is the tens digit of b(-9)?
2
Suppose -s + 6 = -3*n, 3*s - 2*n - 26 = -n. Let y(l) = 3*l - 3. Let h be y(2). What is the units digit of s + (h + -7)/4?
8
Let q(o) = -o**2 + 11*o + 17. Let p be q(13). What is the units digit of (6 - 3)*(-69)/p?
3
What is the tens digit of (-2672)/(-6) + -1 + 55/33?
4
Let b(k) = k**2 + k - 27. Suppose 3*j - 22 = 11. What is the hundreds digit of b(j)?
1
Let t be 2*(1 - (3 + -1)). Let j be 3/t - 222/(-4). Suppose j = 5*c + 4. What is the units digit of c?
0
Let d(c) = 42*c - 118. What is the tens digit of d(5)?
9
Let s be (-6)/(-4) - 8/(-16). Suppose 0 = -0*f + s*f - 16. Suppose 4*x = f*x - 4*z - 68, -3*x + 44 = 4*z. What is the units digit of x?
6
Let i(p) = -p**2 + 22*p - 2. Let o be -2 - (-64)/30 - (-1602)/135. What is the hundreds digit of i(o)?
1
Let x(f) = f + 7. Let h be 110/(-33)*6/(-4)*-1. What is the units digit of x(h)?
2
Suppose 4*k + 168 = 7*k. What is the tens digit of k?
5
Let v(o) = 2*o - 3. Let y be v(-3). Let b = y - -9. Suppose -7*x - n = -2*x - 45, b = -4*x + n + 36. What is the units digit of x?
9
What is the hundreds digit of (((-326)/6)/(-1))/(2/6)?
1
Let t = 1373 - 788. Suppose -11*k = -2*k - t. What is the units digit of k?
5
Suppose -44*u = -4*z - 39*u + 946, 0 = 2*z - 4*u - 476. What is the units digit of z?
4
Let w(x) = x**3 + 12*x**2 - 8*x - 21. What is the tens digit of w(-9)?
9
Let y be (2/5)/(2/80). Suppose 4*h = 7*h + 27. Let q = y + h. What is the units digit of q?
7
Let w = 993 - -278. What is the tens digit of w?
7
Let h = 4776 + -3324. Suppose -3*l = 9*l - h. What is the hundreds digit of l?
1
Let j(y) = -y**3 - y**2 + y + 1. Let s(i) = -5*i**3 + 5*i**2 + 7*i + 7. Let u(g) = -4*j(g) + s(g). Let w be (9/12)/(4/48). What is the units digit of u(w)?
0
Suppose -1281 = -20*y + 10659. What is the hundreds digit of y?
5
Suppose 0 = t + 13*t + 2954. Let z = t + 313. What is the tens digit of z?
0
Let f = 72 - 37. What is the tens digit of 2023/f + (-1)/(-5)?
5
Let u(r) = r**3 - 2*r**2 + 3*r**2 + 5*r + 6 + 4*r**2 + 0*r**3. Let t be u(-4). Sup